4864
Calculate the remainder when 300654 is divided by 13666.
2
What is the remainder when 354772 is divided by 1569?
178
What is the remainder when 1116099 is divided by 1159?
1141
What is the remainder when 112093 is divided by 99?
25
What is the remainder when 130381820 is divided by 1536?
1532
What is the remainder when 2641845 is divided by 880604?
33
Calculate the remainder when 14183 is divided by 6657.
869
What is the remainder when 4980034 is divided by 115813?
75
Calculate the remainder when 2058761 is divided by 167.
152
What is the remainder when 3674889 is divided by 9051?
183
What is the remainder when 30083766 is divided by 941?
937
What is the remainder when 895051 is divided by 261?
82
What is the remainder when 61589 is divided by 2563?
77
Calculate the remainder when 103865 is divided by 425.
165
What is the remainder when 4213892 is divided by 1053471?
8
Calculate the remainder when 4307069 is divided by 661.
654
What is the remainder when 122551237 is divided by 70?
67
What is the remainder when 1570523 is divided by 196311?
35
What is the remainder when 2617528 is divided by 523500?
28
Calculate the remainder when 29624 is divided by 7.
0
What is the remainder when 5376700 is divided by 31?
29
What is the remainder when 913163 is divided by 68?
59
Calculate the remainder when 5084773 is divided by 40678.
23
Calculate the remainder when 10960 is divided by 275.
235
Calculate the remainder when 275023 is divided by 1062.
1027
What is the remainder when 1042952090 is divided by 137?
134
Calculate the remainder when 140380 is divided by 1302.
1066
What is the remainder when 765597 is divided by 187?
19
Calculate the remainder when 2225449 is divided by 4703.
930
What is the remainder when 70471 is divided by 924?
247
Calculate the remainder when 88203133 is divided by 5188419.
10
Calculate the remainder when 146664 is divided by 4854.
1044
What is the remainder when 13413822 is divided by 32?
30
Calculate the remainder when 226072 is divided by 56499.
76
What is the remainder when 453976 is divided by 852?
712
Calculate the remainder when 326675567 is divided by 20.
7
What is the remainder when 1195797 is divided by 398125?
1422
What is the remainder when 95612 is divided by 493?
463
What is the remainder when 38968079 is divided by 581613?
8
What is the remainder when 38707732 is divided by 444916?
40
Calculate the remainder when 380220785 is divided by 1321.
1318
What is the remainder when 169066 is divided by 20?
6
Calculate the remainder when 542836 is divided by 96.
52
Calculate the remainder when 911100 is divided by 53.
30
What is the remainder when 15260231 is divided by 6632?
6631
Calculate the remainder when 165640 is divided by 51.
43
What is the remainder when 55989 is divided by 2730?
1389
Calculate the remainder when 160508 is divided by 1107.
1100
Calculate the remainder when 91024 is divided by 28058.
6850
Calculate the remainder when 143494278 is divided by 2833.
2828
What is the remainder when 30569 is divided by 2171?
175
Calculate the remainder when 3701408 is divided by 19.
18
What is the remainder when 1201373 is divided by 638?
19
What is the remainder when 29830956 is divided by 1124?
1120
Calculate the remainder when 47824333 is divided by 8.
5
Calculate the remainder when 24537016 is divided by 21.
7
Calculate the remainder when 4943791 is divided by 1801.
46
What is the remainder when 3138814 is divided by 29?
28
What is the remainder when 5659335 is divided by 2431?
2398
What is the remainder when 50960 is divided by 25465?
30
Calculate the remainder when 93415 is divided by 2618.
1785
Calculate the remainder when 17141 is divided by 935.
311
What is the remainder when 337446 is divided by 85?
81
What is the remainder when 248269 is divided by 2303?
1848
Calculate the remainder when 763801 is divided by 1543.
16
Calculate the remainder when 1599261 is divided by 33317.
45
Calculate the remainder when 34235593 is divided by 79.
74
What is the remainder when 11388320 is divided by 1138817?
150
Calculate the remainder when 1532242 is divided by 510613.
403
Calculate the remainder when 1279485 is divided by 4195.
10
Calculate the remainder when 6645 is divided by 716.
201
What is the remainder when 321708772 is divided by 79?
74
What is the remainder when 11573167 is divided by 234?
229
Calculate the remainder when 131177 is divided by 131112.
65
What is the remainder when 244282524 is divided by 6943?
12
What is the remainder when 268500 is divided by 5475?
225
What is the remainder when 232891 is divided by 8953?
113
Calculate the remainder when 62273627 is divided by 3892101.
11
Calculate the remainder when 912598 is divided by 1818.
1780
Calculate the remainder when 6700141 is divided by 1675034.
5
What is the remainder when 12876883 is divided by 315?
313
Calculate the remainder when 2006349 is divided by 222921.
60
What is the remainder when 542266 is divided by 1279?
1249
What is the remainder when 1369619 is divided by 171202?
3
Calculate the remainder when 10739643 is divided by 1746.
1743
Calculate the remainder when 828983 is divided by 43.
29
Calculate the remainder when 3465707 is divided by 9221.
7832
Calculate the remainder when 173155 is divided by 5258.
4899
What is the remainder when 347557 is divided by 115849?
10
Calculate the remainder when 437558 is divided by 29141.
443
What is the remainder when 132843 is divided by 93?
39
Calculate the remainder when 609428 is divided by 609292.
136
Calculate the remainder when 57288 is divided by 57136.
152
What is the remainder when 3195033 is divided by 95?
88
What is the remainder when 210490 is divided by 2631?
10
What is the remainder when 70653 is divided by 2165?
1373
What is the remainder when 2822930 is divided by 3779?
17
What is the remainder when 4627245 is divided by 4627206?
39
What is the remainder when 2989220 is divided by 213?
191
Calculate the remainder when 1328486 is divided by 1371.
1358
What is the remainder when 11275426 is divided by 3074?
3068
Calculate the remainder when 3659308 is divided by 23457.
16
Calculate the remainder when 9931248 is divided by 250.
248
What is the remainder when 68133186 is divided by 569?
557
Calculate the remainder when 24162322 is divided by 13713.
16
What is the remainder when 31780353 is divided by 226?
7
Calculate the remainder when 4378424 is divided by 1087.
1075
What is the remainder when 372586 is divided by 1088?
490
What is the remainder when 17092 is divided by 48?
4
Calculate the remainder when 2219752 is divided by 2913.
46
Calculate the remainder when 35112273 is divided by 1409.
1402
Calculate the remainder when 200593 is divided by 200551.
42
What is the remainder when 1967482 is divided by 19?
13
What is the remainder when 140723 is divided by 2311?
2063
Calculate the remainder when 6528098 is divided by 16039.
225
What is the remainder when 182471451 is divided by 18?
15
Calculate the remainder when 56243 is divided by 130.
83
Calculate the remainder when 598167 is divided by 1917.
63
Calculate the remainder when 4345156 is divided by 433.
1
Calculate the remainder when 3100485 is divided by 68.
25
Calculate the remainder when 133502 is divided by 281.
27
What is the remainder when 252226 is divided by 31514?
114
Calculate the remainder when 9722455 is divided by 95.
60
What is the remainder when 6752576 is divided by 61?
59
Calculate the remainder when 69015942 is divided by 13803184.
22
What is the remainder when 6323761 is divided by 1432?
49
What is the remainder when 124647789 is divided by 5511?
5502
What is the remainder when 83929221 is divided by 1386?
1377
Calculate the remainder when 1524182 is divided by 1337.
2
What is the remainder when 1462473 is divided by 10227?
12
What is the remainder when 12769693 is divided by 4288?
29
What is the remainder when 1850910 is divided by 51413?
42
What is the remainder when 1314515 is divided by 1456?
1203
Calculate the remainder when 10786097 is divided by 27.
2
Calculate the remainder when 26304 is divided by 2864.
528
Calculate the remainder when 705930 is divided by 2047.
1762
Calculate the remainder when 24083455 is divided by 1878.
1861
Calculate the remainder when 33054 is divided by 11011.
21
Calculate the re